{"id":25,"date":"2018-12-25T15:10:53","date_gmt":"2018-12-25T15:10:53","guid":{"rendered":"http:\/\/mivatec.kargerinfo.com\/?page_id=25"},"modified":"2019-09-25T15:26:08","modified_gmt":"2019-09-25T15:26:08","slug":"impressum","status":"publish","type":"page","link":"https:\/\/mivatec.ch\/?page_id=25","title":{"rendered":"Impressum"},"content":{"rendered":"\n<p>&nbsp;<\/p>\n<table style=\"border-collapse: collapse; width: 92.7461%; height: 329px;\">\n<tbody>\n<tr style=\"height: 21px;\">\n<td style=\"width: 50%; height: 21px;\"><img loading=\"lazy\" decoding=\"async\" class=\"alignnone size-medium wp-image-166\" src=\"http:\/\/mivatec.ch\/wp-content\/uploads\/2019\/09\/Pool-1-300x170.jpg\" alt=\"\" width=\"300\" height=\"170\" srcset=\"https:\/\/mivatec.ch\/wp-content\/uploads\/2019\/09\/Pool-1-300x170.jpg 300w, https:\/\/mivatec.ch\/wp-content\/uploads\/2019\/09\/Pool-1-768x435.jpg 768w, https:\/\/mivatec.ch\/wp-content\/uploads\/2019\/09\/Pool-1-1024x580.jpg 1024w\" sizes=\"(max-width: 300px) 100vw, 300px\" \/><\/td>\n<td style=\"width: 50%; height: 21px;\">\n<p>Verantwortlich f\u00fcr den Inhalt:<\/p>\n<p>MIVATEC (Korrespondenz)<br>Herr Michel Valet<br>Graub\u00fchlstrasse 21<br>4322 Mumpf<\/p>\n<p>MIVATEC (Werkstatt)<br>Grutweg 3<br>4132 Muttenz<\/p>\n<p>Telefon: +41 79 405 17 87&nbsp; <br>E-Mail: <a href=\"mailto:info@mivatec.ch\">info@mivatec.ch<\/a><br>\u00a9 2018, MIVATEC, Irrt\u00fcmer und<br>technische \u00c4nderungen vorbehalten. <br>Realisierung: <a href=\"http:\/\/www.kargerinfo.com\" target=\"_blank\" rel=\"noopener noreferrer\">www.kargerinfo.com<\/a><br>Hosting: <a href=\"https:\/\/www.webstyle.ch\/\">Webstyle<\/a><\/p>\n<\/td>\n<\/tr>\n<\/tbody>\n<\/table>\n<p>&nbsp;<\/p>\n<p><a href=\"http:\/\/www.mivatec.ch\">-&gt; Zur\u00fcck<\/a><\/p>\n","protected":false},"excerpt":{"rendered":"<p>&nbsp; Verantwortlich f\u00fcr den Inhalt: MIVATEC (Korrespondenz)Herr Michel ValetGraub\u00fchlstrasse 214322 Mumpf MIVATEC (Werkstatt)Grutweg 34132 Muttenz Telefon: +41 79 405 17 87&nbsp; E-Mail: info@mivatec.ch\u00a9 2018, MIVATEC, Irrt\u00fcmer undtechnische \u00c4nderungen vorbehalten. Realisierung: www.kargerinfo.comHosting: Webstyle &nbsp; -&gt; Zur\u00fcck<\/p>\n","protected":false},"author":1,"featured_media":0,"parent":0,"menu_order":0,"comment_status":"closed","ping_status":"closed","template":"","meta":{"footnotes":""},"_links":{"self":[{"href":"https:\/\/mivatec.ch\/index.php?rest_route=\/wp\/v2\/pages\/25"}],"collection":[{"href":"https:\/\/mivatec.ch\/index.php?rest_route=\/wp\/v2\/pages"}],"about":[{"href":"https:\/\/mivatec.ch\/index.php?rest_route=\/wp\/v2\/types\/page"}],"author":[{"embeddable":true,"href":"https:\/\/mivatec.ch\/index.php?rest_route=\/wp\/v2\/users\/1"}],"replies":[{"embeddable":true,"href":"https:\/\/mivatec.ch\/index.php?rest_route=%2Fwp%2Fv2%2Fcomments&post=25"}],"version-history":[{"count":17,"href":"https:\/\/mivatec.ch\/index.php?rest_route=\/wp\/v2\/pages\/25\/revisions"}],"predecessor-version":[{"id":236,"href":"https:\/\/mivatec.ch\/index.php?rest_route=\/wp\/v2\/pages\/25\/revisions\/236"}],"wp:attachment":[{"href":"https:\/\/mivatec.ch\/index.php?rest_route=%2Fwp%2Fv2%2Fmedia&parent=25"}],"curies":[{"name":"wp","href":"https:\/\/api.w.org\/{rel}","templated":true}]}}